-6) - 2/(-4). Let m be (-6)/(-24) + (-49)/a*-22. What is the greatest common factor of m and 54?
27
Let f(u) = -u - 23. Let i be f(-20). Let p be (-1)/(124/(-40) - i). What is the greatest common divisor of 50 and p?
10
Suppose 118*u = 80*u + 34200. What is the greatest common divisor of 120 and u?
60
Let k be -5 - (4 - -15) - -6. Let h be (-93)/k - 5 - 195/(-18). Suppose 17 - 94 = -c. Calculate the highest common divisor of c and h.
11
Let o = 514 + -492. Let c = o + 243. Suppose 4*k - 106 = 3*k. What is the greatest common divisor of k and c?
53
Suppose -5*g + c = -7, 2231*g - 5*c + 40 = 2231*g. Let k(l) = l**3 - l**2 + 2*l - 3. Let p be k(3). Calculate the highest common divisor of g and p.
3
Let k(h) = 3857*h**2 - 42*h + 5. Let c be k(-2). What is the highest common factor of 1052 and c?
263
Suppose -4*y = -3*f - 5, -4*y + f + 18 = 3. Suppose -23 = h - 2*h - y*z, 3*h + z = 27. What is the highest common divisor of h and 10?
2
Let u = 25 - 23. Suppose -u*i = -7*i + 75. Suppose 0 = -5*a - 2*s + 965, 2*a - 370 = 164*s - 168*s. What is the greatest common factor of a and i?
15
Suppose u + b = 14, 25 = -u - 2*b + 43. What is the greatest common divisor of 30980 and u?
10
Suppose -7*b + 16 = -15*b. Let s be (63/(-27))/(b/6). Let d = 52 - s. What is the greatest common divisor of d and 15?
15
Let r = -664 + 1467. What is the greatest common divisor of r and 121?
11
Let j = -304 - -455. Let y = 154 - j. What is the greatest common factor of y and 6?
3
Let c be (-4)/(-6) + (-176)/(-33). Let m be ((-3)/c)/((-4)/24). Suppose n + 137 = 2*b + 3*b, -b = -5*n - 37. What is the greatest common factor of b and m?
3
Let h = 4008 + -4005. Calculate the greatest common divisor of 1029 and h.
3
Suppose -2*k + k = v - 66, 2*k = -v + 68. Suppose -5 - 3 = -4*i. Suppose -z = -i*g - 12, z + z + 3*g = 38. Calculate the greatest common divisor of z and v.
16
Let h(d) = 6*d**3 + 7*d**2 - 8*d - 5. Let f be h(4). Let p be (4 - (-26)/(-3) - -5)*153. What is the highest common factor of f and p?
51
Let c(z) = 188*z + 12110. Let a be c(-64). Calculate the greatest common factor of 20514 and a.
78
Let l be 3/(-168)*-8 - (-2)/(-14). Let j(r) = -r**2 - 15*r + 976. Let k be j(l). Calculate the highest common factor of 61 and k.
61
Let q = -2 + -6. Let v be q/10*90/(-4). Let b(d) = 5*d**2 - 241623*d + 1208116. Let a be b(5). Calculate the highest common factor of a and v.
18
Suppose -5*p - 13 + 68 = 0. Let s be (65 + 0)/5*p. Suppose -5*b - 24 = -89. What is the greatest common divisor of s and b?
13
Let r = -28 - -37. Let u be -4 + 2 + (-845)/(-13). What is the highest common factor of u and r?
9
Let b(w) = 71*w**2 - 15*w + 486. Let y be b(14). What is the highest common factor of y and 16?
16
Let v = 49 - -221. Let z(q) = 15*q**2 + 62*q + 18. Let c be z(-4). Calculate the highest common divisor of c and v.
10
Let g = 778 - 602. Suppose -399 = -g*p + 173*p. Calculate the greatest common factor of 7 and p.
7
Suppose -5*s = -4*b - 262, -218*b = s - 222*b - 46. What is the highest common divisor of 64314 and s?
54
Let a(r) = -3*r**2 + 7*r + 13. Let d be a(-6). Let n = -101 - d. What is the highest common divisor of 48 and n?
12
Suppose -46 + 5 = -42*u + 127. What is the greatest common divisor of 4288 and u?
4
Let t(r) = 21*r**2 - 11*r + 109. Let z be t(5). Calculate the greatest common factor of z and 15.
3
Let i = -560 + 608. Suppose -i*d + 15582 = -2082. Calculate the greatest common divisor of 16 and d.
16
Suppose 196*z - 197*z = -q + 417, 0 = 4*q - z - 1677. Calculate the greatest common divisor of q and 252.
84
Suppose -93 + 89 = -2*a. Suppose 0 = 3*j - a - 16. Calculate the greatest common divisor of 9 and j.
3
Let g be (-6342)/(-16) + (-147)/392. Suppose -g = -30*j - 6. Calculate the highest common divisor of 143 and j.
13
Let u = -32 + 63. Suppose 0 = -32*w - 3922 - 6382. Let d = w + 353. What is the greatest common factor of d and u?
31
Suppose -a = -4*o + 4422, -154*o + 158*o - 2*a - 4420 = 0. Calculate the greatest common factor of 238 and o.
14
Let h be (-131860)/(-80) - (-4)/(-16). Calculate the highest common factor of 2678 and h.
206
Let k(i) = i**3 - 2*i**2 - 5*i + 22. Let r be k(5). Let n be 58 - ((-200)/r - (-2)/(-9)). Calculate the greatest common factor of 305 and n.
61
Let v(b) = -b + 1. Let u(s) = 9*s + 22. Let w(t) = 2*u(t) - 4*v(t). Let k be w(8). Calculate the greatest common divisor of 18 and k.
18
Suppose 5*v - 5 = -3*b, 20 - 2 = 4*b + v. Let a = 317 + -277. Calculate the highest common divisor of a and b.
5
Suppose 5*b + 3*k + 20 = 8*k, 0 = 4*b + 4*k - 16. Suppose 6*o - 4 = 4*o. Let y be (b + 4)/o*4. Calculate the highest common divisor of 20 and y.
4
Suppose -2*u - 3*u = 50. Let c be -4 + 6 + 0/(-3 - -4). Let k be -1 - c*(u + 3). Calculate the greatest common factor of 39 and k.
13
Suppose 24*a - 310533 = -39405. Calculate the highest common factor of a and 143.
143
Let p = -2684 + 2838. Calculate the greatest common divisor of p and 42.
14
Suppose -19 = 13*s - 97. Suppose s*k + 10*k = 160. Suppose y + y = 360. What is the greatest common factor of k and y?
10
Suppose 24 = 58*x - 57*x. Let v be (x/16 + -1)/((-1)/(-36)). Calculate the greatest common factor of v and 306.
18
Let v = 170 - 502. Let p = -123 - v. What is the highest common factor of 57 and p?
19
Suppose 503 + 1287 = 25*z + 190. What is the highest common divisor of 524 and z?
4
Let w be 21/(-7) + -2 + 11. Suppose -w*t + 33 = 5*t. Let d be 1/(-2) + (-100)/(-8). What is the highest common divisor of t and d?
3
Let g be (-18 - 10)*4/(-7). Let t be (-52)/(-2)*7/(-7). Let b = 102 - t. Calculate the greatest common divisor of g and b.
16
Let w(y) = -4*y - 29. Let p(j) = 6*j + 9. Let d be p(-3). Let c be w(d). Let q = -12 - -47. Calculate the highest common factor of q and c.
7
Let f(d) = 2*d**3 - 66*d**2 - 64*d - 91. Let r be f(34). Suppose 900 = -0*v + 4*v. What is the greatest common factor of r and v?
45
Suppose 2*v = 2, -6*s + 2729 = v + 4*v. Calculate the highest common divisor of s and 2.
2
Suppose 4*q - 140 = -4*x, 205*x = 202*x + 9. What is the greatest common factor of q and 4160?
32
Suppose 133 = 714*r - 712*r + 5*i, 4*r + 4*i - 248 = 0. Calculate the greatest common factor of r and 17287.
59
Let j = 264 + -152. Suppose 32 = 5*k + 2*c - 122, 0 = k + c - 29. What is the highest common divisor of k and j?
16
Let k be 1150/35 - (-24)/21. Let v be ((-306)/(-8))/(4/32). What is the greatest common divisor of v and k?
34
Let n(d) = 96*d - 5 - 904*d**2 - 94*d + 907*d**2. Suppose w = -3*w + 16. Let a be n(w). Calculate the highest common factor of a and 34.
17
Let j be 24*6/(84/35). Suppose -6 = -4*c - 2*g + 152, -77 = -2*c - 3*g. What is the highest common divisor of j and c?
20
Let r be -3 + (-35)/7*(-14 - 0). Let n = -46 + r. Let z(t) = 2*t**2 + 1. Let m be z(1). What is the greatest common divisor of n and m?
3
Suppose 39*c + 67780 - 68950 = 0. Suppose -5*l - 7*w + 355 = -2*w, 2*w - 292 = -4*l. What is the greatest common factor of c and l?
15
Suppose -168960 = 5*g + 44*g - 82*g. What is the greatest common factor of 400 and g?
80
Suppose -14*m + 3 = -9*m - 4*d, -4*d + 9 = -m. Suppose -m*n + 43 = z + 2*n, -4*n = 4*z - 252. Let v = -53 + z. Calculate the highest common factor of 15 and v.
15
Suppose 5*h + 268 + 117 = 0. Let k = -38 - h. Suppose -145 - 167 = -8*s. What is the highest common factor of k and s?
39
Let p = 467 + -339. Let y = 9 + -7. Suppose -y*d = -3*g + 58, 7*g + 5*d = 3*g + 39. What is the greatest common factor of p and g?
16
Suppose 31*f - 30587 = -39*f - 977. What is the greatest common divisor of 144 and f?
9
Suppose 4*n - 5*b - 118 - 353 = 0, -2*n + 3*b = -235. Let g = 65 - n. Let w be ((-15)/(-9) - 2)*g. Calculate the highest common factor of 90 and w.
18
Suppose -33 = -r + 3*m - 27, 3*m - 24 = 0. What is the greatest common divisor of 2630 and r?
10
Let l = -143 + 64. Let v = -46 - l. Suppose 31*z = v*z - 462. Calculate the greatest common factor of 21 and z.
21
Let r = -19 + 36. Let m(s) = -s**2 + 19*s - 6. Let f be m(r). Suppose -c = -f - 5. Calculate the highest common divisor of c and 44.
11
Suppose 1 = -o + 32. Let u be (15/(-25))/(2/(-20))*2. Let r be (52/12 - 4) + 1112/u. Calculate the highest common factor of r and o.
31
Let c = 9669 + -9645. What is the